are the prime factors of p(0)?
11
Let a(i) = 5*i + 3. Let c be -4 + 3*2/3. Let v be a(c). Let m = 4 - v. What are the prime factors of m?
11
Let t be 0/1 + 1 + -3. List the prime factors of 1/2*(-52)/t.
13
Let k be 45/6*(-32)/(-10). Suppose -4*u = 2*a + 3*a - k, 2*u + 18 = 5*a. What are the prime factors of a?
2
Let k(v) = 2*v + 22. List the prime factors of k(0).
2, 11
Let a(b) = 2*b**2 - 6*b + 7. Let w be 4 - (-3 + 1 + 1). List the prime factors of a(w).
3
Let l(c) = 17*c + 6. Let f be l(-3). What are the prime factors of 4 + -2 - (f - -5)?
2, 3, 7
Suppose -520 = -7*y + 3*y. Let r = y - 93. What are the prime factors of r?
37
Let o = -302 - -451. List the prime factors of o.
149
Suppose -2*z = 2*q + 16, 2*q - 2*z = -q - 24. Let n(y) = y**2 + 3*y - 10 + 3*y + 3. What are the prime factors of n(q)?
3
Let i be -1*1*2/(-2). What are the prime factors of (i - 0 - -19)*1?
2, 5
What are the prime factors of 18/(3/2 - 1)?
2, 3
Suppose -4*n + 17 = -3*f, 3*f + 12 = n + 2*n. Suppose 2 = g + n. Let j = 5 + g. What are the prime factors of j?
2
Let j(c) = 2*c**2 + 13*c - 1. What are the prime factors of j(10)?
7, 47
Let u(q) = -2*q - 1. Let f be u(-2). Suppose -5*j + 96 = -2*x + 17, -f*x = 4*j - 54. Let d = j - 3. List the prime factors of d.
2, 3
Let r(l) = l**2 - l. What are the prime factors of r(6)?
2, 3, 5
Suppose -2*h + 5 = -3. Suppose -i + 30 = h*i. Let d = -3 + i. What are the prime factors of d?
3
Suppose 2*p + 24 = -p - 4*k, 13 = -4*p + k. Let j = p - -12. Suppose 2 - j = -3*z. List the prime factors of z.
2
Let b be ((-132)/(-9))/(1/3). Suppose 3*c - 86 = -5*v + 2*c, -2*v + b = -2*c. What are the prime factors of v?
2, 3
Let d = 256 + -161. Suppose 3*u - d = -2*u. List the prime factors of u.
19
Let s = -76 + 352. List the prime factors of s.
2, 3, 23
Suppose 53 = 3*f + 4*j - 3*j, -20 = -4*j. Let v(i) = f*i**3 + 2*i - 2*i + i**3 + 1 - 2*i**2. List the prime factors of v(1).
2
Suppose 0 = -5*n + 192 + 193. Let p = n + -51. Suppose -5*c - 1 = -p. What are the prime factors of c?
5
Let q(x) be the second derivative of -x**5/10 + x**4/12 + x**3/3 + x**2/2 - x. What are the prime factors of q(-2)?
17
What are the prime factors of (-321 + 5 - 5)*(-2)/2?
3, 107
Let o = -4 - -6. Suppose -2*t + 28 = -h, 4*h - 20 = o*t - 5*t. List the prime factors of t.
2, 3
Let x(g) = -g**2 - g + 15. Let s(a) = -a - 1. Let y be s(-1). List the prime factors of x(y).
3, 5
Suppose 2*f = 4*f. Let h = f + 10. What are the prime factors of h?
2, 5
Let x(t) = t**2 - 3 + 0*t - 2*t + t. Let z be x(4). What are the prime factors of ((-42)/z)/(2/(-3))?
7
Suppose 5*g - 72 = 58. What are the prime factors of g?
2, 13
List the prime factors of (-2 - -52)/(4 - 2).
5
Suppose 0 = -4*y - 3 + 11. Let t = y - -3. Suppose 2 = i - 3*i + 4*v, -3*v = t*i - 47. What are the prime factors of i?
7
Suppose -16 = -2*j - 2. Let a(o) = -o**3 + 8*o**2 - 4*o - 10. List the prime factors of a(j).
11
Let q be 2/((-24)/(-10) - 2). Suppose 0 = 3*y + q*x - 128, -x = -y + 47 - 15. What are the prime factors of y?
2, 3
Let n be (4/(-2))/((-7)/(-49)). Let g = 22 + n. What are the prime factors of 2/3 + g/6?
2
Suppose -7*a = -8*a + 18. Suppose -5*i = 4*j - 0*j - a, 0 = 3*j - 3*i - 27. List the prime factors of j.
7
Let a(i) = i**3 - 5*i**2 + 3*i - 3. Let v be a(5). Suppose -4*h + 7*h = 5*u - 42, 3*h = -4*u + v. What are the prime factors of u?
2, 3
Let h = -12 - -21. Let s = h + -3. What are the prime factors of s/3 + 3*3?
11
Suppose 2*k = -79 + 579. What are the prime factors of k?
2, 5
Suppose 0*b - 3*s - 26 = -5*b, b + 5*s = -6. Suppose 3*j - 13 = -3*v - b, 5*j - 4*v + 12 = 0. Suppose 4*x + 0 - 44 = j. What are the prime factors of x?
11
Let g(f) = -f**2 - 9*f + 2. Let a be g(-9). Suppose -26 = -a*c + 4*z, 3*c - 3*z - z = 29. Suppose 3*y - c = 12. What are the prime factors of y?
5
Let q = -151 + 91. What are the prime factors of q*(-3 - 26/(-10))?
2, 3
Let k = -12 + 2. List the prime factors of (-1 - 5)*15/k.
3
Let p(z) = -6*z - 2*z + 6 - 3 - 2. Let u be p(2). Let s = 25 + u. List the prime factors of s.
2, 5
Let r(c) = 2*c - 17. Let g be r(9). Suppose -z - 29 - 60 = -4*d, d - g = -4*z. What are the prime factors of d?
3, 7
Suppose -y + 16 = -5*b, 2*y - 27 = 4*b + 23. List the prime factors of y.
31
Let u be (36/(-30))/(2/(-5)). Suppose u = -5*z - 7. List the prime factors of z/(2 - 0) - -3.
2
Let u = -30 + 55. What are the prime factors of u?
5
Let f(d) = d - 1. Let q be f(3). List the prime factors of (21/(-12))/(q/(-16)).
2, 7
Suppose 2*b + 3*b - 20 = 0. Let y(o) = o**3 - 4*o**2 - o + 5. Let v be y(b). Let c(w) = 13*w**3 - 2*w**2 + 1. What are the prime factors of c(v)?
2, 3
Let n be -1*(-34)/(-1) + 1. Let q = -19 - n. List the prime factors of q.
2, 7
Suppose -5*f = -f. Suppose o + j - 26 = 0, -o + 2*o - j - 24 = f. What are the prime factors of o?
5
Suppose 2*m + 8 = 7*m - 3*d, 0 = -4*m + d + 5. Let f(a) = -a - 2. Let v be f(-7). Suppose -v*q - 31 = -3*x, -m = 3*q - 4*q. What are the prime factors of x?
2, 3
Let q(x) = 8*x - 40. What are the prime factors of q(20)?
2, 3, 5
Suppose -28 = -4*o - 0. Let w = o - -1. Suppose w = j + 2. List the prime factors of j.
2, 3
Let v(o) = -o - 1. Let j(u) = -10. Let f(t) = -j(t) - v(t). What are the prime factors of f(0)?
11
Let r(k) = 10*k - 14. What are the prime factors of r(6)?
2, 23
Let f(m) = 88*m**3 - 2*m**2 + 3*m - 1. What are the prime factors of f(1)?
2, 11
Suppose -14 = -0*z - z. What are the prime factors of z?
2, 7
Suppose -16 = -5*u - 1. Suppose t = u*s + 5, -3*s = -t - 3*t + 47. List the prime factors of t.
2, 7
Let l be 8/(-4)*(-10)/4. Suppose 0*n = l*n. List the prime factors of 22*(n - 3/(-6)).
11
Let u = 6 + 2. What are the prime factors of u?
2
Let a(p) = p + 4. Let n be a(15). Let c = n - 3. What are the prime factors of c?
2
Let w(a) = 2*a**2 + 3*a + 14. List the prime factors of w(6).
2, 13
Suppose 4*s - 2*s - 10 = 0. Let t be ((-9)/2 - -3)*-6. Let r = t - s. What are the prime factors of r?
2
Let z(h) = 2*h**2 - 2*h. Let o be z(2). Let q = 24 + o. List the prime factors of q.
2, 7
Let h = -45 - -61. List the prime factors of h.
2
Let d(t) = -2*t + 4. Let q be d(3). Let y = q + 4. Suppose 3*x - y = -8, 23 = 3*k - 4*x. What are the prime factors of k?
5
Let l = 8 - 14. List the prime factors of 54/8 - l/(-8).
2, 3
Let f be (-6)/3*(1 - 2). Suppose -2*r = f*r - 28. What are the prime factors of r?
7
Suppose 0 = 2*j + 2*j - 480. List the prime factors of j/8 - 2*1.
13
Let u(g) = -8*g - 3*g - 3 + g**3 + 6*g**2 + 2*g. Let x be (14/8)/((-2)/8). List the prime factors of u(x).
11
Let k = 5 + -4. Let s be (-2 - (-2 + k)) + 6. Suppose 0 = -3*w + 28 + s. What are the prime factors of w?
11
List the prime factors of (3 - 1068/(-18)) + (-4)/(-6).
3, 7
Suppose 2*t - 765 = -7*t. What are the prime factors of t?
5, 17
Let v(y) = 9*y**3 + 13*y**2 + 10*y + 7. Let l(s) = -5*s**3 - 7*s**2 - 5*s - 4. Let u(n) = -11*l(n) - 6*v(n). What are the prime factors of u(3)?
5
Let b(y) = y**2 + 6*y - 11. List the prime factors of b(10).
149
Let b(v) = -v**3 - 12*v**2 + 12*v + 3. Let y be b(-13). What are the prime factors of -6*4/y*-16?
2, 3
Suppose -5*q - 29 = -s, 2*q - 6 = -2*s - 2*s. Suppose -182 = -5*i - s*t, -36 = -i + 5*t - 6*t. List the prime factors of i.
2, 19
Let v = -80 + 54. Let k = v - -45. List the prime factors of k.
19
Let a(n) = 44*n - 1. List the prime factors of a(1).
43
Let n be 768/78 - (-4)/26. Suppose -m - 1 + n = 0. What are the prime factors of m?
3
Suppose -5*l - 5*y = 295, -21 - 39 = l + 2*y. Let n = -23 - l. List the prime factors of n.
5, 7
Let h = -83 + 196. List the prime factors of h.
113
Let o = -56 - -106. What are the prime factors of o?
2, 5
Let m = 370 + -125. List the prime factors of m.
5, 7
Let s(u) be the third derivative of u**5/60 + u**4/6 + 7*u**3/6 + 3*u**2. List the prime factors of s(-5).
2, 3
Let p be (-2)/4 - (-10)/20. Let x(k) = -4*k**2 - 4*k**2 + k + 4 + 7*k**2. List the prime factors of x(p).
2
Suppose 3*u + t - 215 = 2*u, -863 = -4*u - 5*t. What are the prime factors of u?
2, 53
Suppose -5*p + 4*p - 2*n = -27, 111 = 3*p - 4*n. What are the prime factors of p?
3, 11
Let x(c) = -11*c**2 - c. Let g be x(1). Let p = -6 - g. Suppose w - 81 = -4*d, 5*d - w + 24 = p*d. What are the prime factors of d?
19
Let j(r) = -4*r 